-78d1
In base 16, what is 34cfe + -3?
34cfb
In base 15, what is -736 + 19?
-71c
In base 12, what is -2a3b + 11a?
-2921
In base 4, what is -21 - -23033023?
23033002
In base 10, what is -12 + 19973?
19961
In base 5, what is 13113 - 200?
12413
In base 15, what is -6a + -266b?
-26d6
In base 7, what is -5 + 66066?
66061
In base 13, what is 4 + -392?
-38b
In base 16, what is -14 - d950?
-d964
In base 12, what is 94 - -444?
518
In base 8, what is -5 - 20146?
-20153
In base 11, what is -8 + 187923?
187916
In base 3, what is 2 + 100220111?
100220120
In base 2, what is -101110110111 - 100?
-101110111011
In base 6, what is -10 + 123232?
123222
In base 7, what is 110 - -46012?
46122
In base 8, what is 2 - -4014263?
4014265
In base 3, what is 221 + -1001101212?
-1001100221
In base 10, what is -5009 + 0?
-5009
In base 4, what is 223313331 - -10?
223320001
In base 10, what is -60156 + -19?
-60175
In base 9, what is 61051 - 5?
61045
In base 5, what is -21440340 - 2?
-21440342
In base 8, what is 4 + 211617?
211623
In base 9, what is -150 - 47?
-207
In base 14, what is 4 + -60361?
-6035b
In base 10, what is -4 + 17284?
17280
In base 4, what is -133121322 + 0?
-133121322
In base 10, what is -557 - 651?
-1208
In base 12, what is 35b - -1ba?
559
In base 2, what is 10000110 - 10010100110?
-10000100000
In base 15, what is -dd - 1c04?
-1ce2
In base 6, what is 151 - 130?
21
In base 2, what is -11 - -110000111101111?
110000111101100
In base 12, what is 2369 - -10?
2379
In base 5, what is -10 + 3044430?
3044420
In base 6, what is -21 + 234?
213
In base 3, what is -112122 - -1102?
-111020
In base 12, what is 1 - -5063?
5064
In base 4, what is -23 + 32102222?
32102133
In base 14, what is -1b419 + 4?
-1b415
In base 4, what is 33113 + -30211?
2302
In base 15, what is -a - -2c5bd?
2c5b3
In base 16, what is ddc + 5?
de1
In base 5, what is 3 + -303302?
-303244
In base 13, what is 37b27 - -5?
37b2c
In base 3, what is -202110100 + -110?
-202110210
In base 3, what is -11020110011 + 0?
-11020110011
In base 14, what is 8468a + 3?
8468d
In base 5, what is 0 - 12114310?
-12114310
In base 8, what is -44 + -402?
-446
In base 12, what is -1556 + -43?
-1599
In base 16, what is -2 + b924a?
b9248
In base 9, what is 555 + 820?
1475
In base 13, what is -46a72 - 6?
-46a78
In base 3, what is -121121101 - 12?
-121121120
In base 11, what is 135 + -979?
-844
In base 14, what is 5 - 343c?
-3437
In base 14, what is -1881 - d?
-1890
In base 3, what is -10021 + -200212001?
-200222022
In base 3, what is 110 + 1002112211?
1002120021
In base 4, what is -2313021 - -1?
-2313020
In base 6, what is 354022 - 204?
353414
In base 4, what is -3 + 10122022?
10122013
In base 13, what is -22 + -24567?
-24589
In base 14, what is b94 + -33?
b61
In base 15, what is 3a + 1a7?
1e2
In base 16, what is 2 - -286b?
286d
In base 4, what is -2 - -113232303?
113232301
In base 14, what is -45 - -1a70?
1a29
In base 6, what is 113230 + 115?
113345
In base 15, what is 7 - 7575?
-756d
In base 4, what is -1123 + 11011?
3222
In base 3, what is 212020110 - 20?
212020020
In base 13, what is 4 - -178?
17c
In base 9, what is -118 - -41206?
41077
In base 8, what is 350 + 1261?
1631
In base 5, what is 0 - -22144?
22144
In base 14, what is -1a2 + 3bb?
219
In base 5, what is -10031231 + -13?
-10031244
In base 14, what is 988d9 + -5?
988d4
In base 14, what is -1383 - -586?
-bdb
In base 7, what is -225 - -4213?
3655
In base 3, what is -2011011 - -1020111?
-220200
In base 6, what is 2255 + 135?
2434
In base 5, what is -103130 + 3002?
-100123
In base 15, what is 5 + 3435?
343a
In base 6, what is 553223 - -11?
553234
In base 16, what is d - -32d74?
32d81
In base 4, what is 2 + 1201321211?
1201321213
In base 15, what is 1 - 2585c?
-2585b
In base 5, what is -411 - -2312?
1401
In base 6, what is 25121 + 4231?
33352
In base 8, what is -406270 + 14?
-406254
In base 9, what is 3130 + 161?
3301
In base 8, what is -173755 + 0?
-173755
In base 10, what is 4 - 12929?
-12925
In base 2, what is 101001001 - 1110001?
11011000
In base 15, what is 4932 + -2e?
4903
In base 15, what is -34 + -a0ad?
-a0e2
In base 5, what is 2 - 10111331?
-10111324
In base 4, what is -302030021 + -2?
-302030023
In base 16, what is 4 - 29c0?
-29bc
In base 15, what is 6 + 581e?
5825
In base 14, what is -a76 + -2c?
-aa4
In base 12, what is -5255 + -3?
-5258
In base 11, what is -6a16 - 16?
-6a31
In base 14, what is -a1 + -4b3?
-574
In base 14, what is -32 - -14b1d?
14acb
In base 13, what is -22 - -a149?
a127
In base 15, what is -53 + e01?
d9d
In base 7, what is -3431 - -1404?
-2024
In base 14, what is b136 + 29?
b161
In base 3, what is -2210110 + 101?
-2210002
In base 7, what is -65055 + 26?
-65026
In base 4, what is 20223300 - 10?
20223230
In base 6, what is -3 - -522545?
522542
In base 8, what is -2404603 - 0?
-2404603
In base 8, what is 3456 + -1715?
1541
In base 12, what is 20 + 1953?
1973
In base 4, what is 232 - 1011012?
-1010120
In base 15, what is -26b + -3d?
-2a9
In base 3, what is -10011 + 2111?
-200
In base 16, what is -31ed + 1?
-31ec
In base 13, what is -c5c1 - -45?
-c579
In base 10, what is -7 + 162735?
162728
In base 3, what is -21122002210 + 122?
-21122002011
In base 12, what is -16 + -106?
-120
In base 10, what is 148267 - -3?
148270
In base 16, what is -2 + a640?
a63e
In base 11, what is -13 - -8783?
8770
In base 8, what is -126367 - 2?
-126371
In base 5, what is -2022 - -14331?
12304
In base 9, what is -13852 + -182?
-14144
In base 6, what is 34512 - -121?
35033
In base 15, what is -2 + 293c?
293a
In base 9, what is 42 + 4167?
4220
In base 8, what is 471 + -5113?
-4422
In base 10, what is 18240 - -6?
18246
In base 4, what is 12 - -11102200?
11102212
In base 11, what is -6 + -976?
-981
In base 14, what is a9d + 14?
ab3
In base 2, what is -1000010111110100011100 + 100?
-1000010111110100011000
In base 3, what is 0 + -21002122?
-21002122
In base 15, what is 8 - c6b0?
-c6a7
In base 16, what is -5 - -a2cac?
a2ca7
In base 14, what is 3c - 9b3?
-975
In base 16, what is -f4 - 7f3?
-8e7
In base 8, what is -465 + 224?
-241
In base 8, what is -5 - 36655?
-36662
In base 15, what is -72 + 8b?
19
In base 11, what is 6 - 9672?
-9667
In base 10, what is -180170 - -4?
-180166
In base 8, what is -5631 + -301?
-6132
In base 7, what is 604 + -321?
253
In base 15, what is 7 + -bd84?
-bd7c
In base 5, what is 1 - -40424230?
40424231
In base 8, what is 17 - -2455?
2474
In base 12, what is -17411 + -14?
-17425
In base 15, what is 63 + d93?
e06
In base 7, what is 4 - -1001326?
1001333
In base 9, what is 4 - -242687?
242702
In base 12, what is -3 - -24671?
2466a
In base 5, what is -123 - 14002434?
-14003112
In base 14, what is 187 + -146?
41
In base 15, what is 3ea - -43c?
837
In base 15, what is 3d + -23e?
-201
In base 4, what is 33102 + 20212?
113320
In base 8, what is 1 - 312744?
-312743
In base 11, what is 1038 + -54?
a94
In base 13, what is a - -1630?
163a
In base 10, what is -31 + -45207?
-45238
In base 4, what is -3 + -3112131110?
-3112131113
In base 15, what is 2 + -cd?
-cb
In base 7, what is -6 - -116421?
116412
In base 13, what is 43 + 9a1?
a14
In base 2, what is -110001010010 + 11?
-110001001111
In base 8, what is 22413 - 144?
22247
In base 16, what is -5f - -bb?
5c
In base 12, what is 318 + -143?
195
In base 15, what is -523 + 187?
-38b
In base 5, what is -201 + 203122?
202421
In base 5, what is -302 + 334234?
333432
In base 8, what is -2 + 50331?
50327
In base 2, what is -10010100101 - 111110010?
-11010010111
In base 8, what is 4 + 171422?
171426
In base 15, what is -1d1 - 165?
-346
In base 16, what is -54 + -347?
-39b
In base 2, what is -10100 - 10000?
-100100
In base 3, what is 11 + 102221110102?
102221110120
In base 16, what is -2c + 1bd?
191
In base 7, what is 163 + 3440?
3633
In base 2, what is 101010 + 11?
101101
In base 4, what is 1 - -223110?
223111
In base 8, what is -517260 - -34?
-517224
In base 4, what is -30230 - 11?
-30301
In base 14, what is 28903 - -2?
28905
In base 6, what is 4325 + -3130?
1155
In base 5, what is -10 + -32010002?
-32010012
In base 8, what is 2 - -216523?
216525
In base 5, what is -223 - -21412?
21134
In base 14, what is -1786 - 501?
-1c87
In base 11, what is -6563 - -2?
-6561
In base 5, what is -3023122 - -103?
-3023014
In base 7, what is -203